{"id":137,"date":"2024-03-21T14:24:00","date_gmt":"2024-03-21T14:24:00","guid":{"rendered":"https:\/\/pakod.hu\/?page_id=137"},"modified":"2024-04-12T11:49:38","modified_gmt":"2024-04-12T11:49:38","slug":"nevezetessegek","status":"publish","type":"page","link":"https:\/\/pakod.hu\/index.php\/nevezetessegek\/","title":{"rendered":"NEVEZETESS\u00c9GEK"},"content":{"rendered":"<p><strong>Pakod, R\u00f3mai Katolikus Pl\u00e9b\u00e1nia<\/p>\n<p><img loading=\"lazy\" decoding=\"async\" class=\"alignnone size-medium wp-image-203\" src=\"https:\/\/pakod.hu\/wp-content\/uploads\/2024\/04\/Pakod-25-300x200.jpg\" alt=\"\" width=\"300\" height=\"200\" srcset=\"https:\/\/pakod.hu\/wp-content\/uploads\/2024\/04\/Pakod-25-300x200.jpg 300w, https:\/\/pakod.hu\/wp-content\/uploads\/2024\/04\/Pakod-25-1024x683.jpg 1024w, https:\/\/pakod.hu\/wp-content\/uploads\/2024\/04\/Pakod-25-768x512.jpg 768w, https:\/\/pakod.hu\/wp-content\/uploads\/2024\/04\/Pakod-25-1536x1024.jpg 1536w, https:\/\/pakod.hu\/wp-content\/uploads\/2024\/04\/Pakod-25-2048x1365.jpg 2048w, https:\/\/pakod.hu\/wp-content\/uploads\/2024\/04\/Pakod-25-1140x760.jpg 1140w\" sizes=\"auto, (max-width: 300px) 100vw, 300px\" \/><br \/>\n<\/strong><\/p>\n<p>Pl\u00e9b\u00e1nos: Ft. Szalontai Istv\u00e1n Bal\u00e1zs atya<\/p>\n<p>Telefonsz\u00e1m.: 0620\/220-6048<\/p>\n<p>e-mail: <a href=\"mailto:istvan.szalontai.balazs@gmail.com\">istvan.szalontai.balazs@gmail.com<\/a><\/p>\n<p>A hivatal c\u00edme: 8932 P\u00f3kaszepetk, Arany J. u. 10.<\/p>\n<p>Hivatali nyitva tart\u00e1s: \u00a0\u00a0 H\u00e9tf\u0151: 8:00-10:00\u00a0 \/ \u00a0Szerda: 18:30-19:30<\/p>\n<p>Illetve el\u0151zetes megbesz\u00e9l\u00e9s szerint.<\/p>\n<p><u>Szent Gy\u00f6rgy karit\u00e1sz csoport Zalav\u00e9g<\/u><\/p>\n<p>A Zalav\u00e9g R\u00f3m. Kat. Pl\u00e9b\u00e1nia m\u0171k\u00f6d\u00e9se al\u00e1 tartoz\u00f3 csoport, mely tagja a Veszpr\u00e9m F\u0151egyh\u00e1zmegyei Karit\u00e1sznak. A csoport minden m\u0171k\u00f6d\u00e9s\u00e9\u00e9rt a Pl\u00e9b\u00e1nos a felel\u0151s. A csoport vezet\u0151je: Hajdu Henrietta. M\u0171k\u00f6d\u00e9s\u00e9t a Pl\u00e9b\u00e1noshoz tartoz\u00f3 telep\u00fcl\u00e9seken is gyakorolja.<\/p>\n","protected":false},"excerpt":{"rendered":"<p>Pakod, R\u00f3mai Katolikus Pl\u00e9b\u00e1nia Pl\u00e9b\u00e1nos: Ft. Szalontai Istv\u00e1n Bal\u00e1zs atya Telefonsz\u00e1m.: 0620\/220-6048 e-mail: istvan.szalontai.balazs@gmail.com A hivatal c\u00edme: 8932 P\u00f3kaszepetk, Arany J. u. 10. Hivatali nyitva tart\u00e1s: \u00a0\u00a0 H\u00e9tf\u0151: 8:00-10:00\u00a0 \/ \u00a0Szerda: 18:30-19:30 Illetve el\u0151zetes megbesz\u00e9l\u00e9s szerint. Szent Gy\u00f6rgy karit\u00e1sz csoport Zalav\u00e9g A Zalav\u00e9g R\u00f3m. Kat. Pl\u00e9b\u00e1nia m\u0171k\u00f6d\u00e9se al\u00e1 tartoz\u00f3 csoport, mely tagja a Veszpr\u00e9m F\u0151egyh\u00e1zmegyei [&hellip;]<\/p>\n","protected":false},"author":1,"featured_media":0,"parent":0,"menu_order":0,"comment_status":"closed","ping_status":"closed","template":"","meta":{"footnotes":""},"class_list":["post-137","page","type-page","status-publish","hentry"],"_links":{"self":[{"href":"https:\/\/pakod.hu\/index.php\/wp-json\/wp\/v2\/pages\/137","targetHints":{"allow":["GET"]}}],"collection":[{"href":"https:\/\/pakod.hu\/index.php\/wp-json\/wp\/v2\/pages"}],"about":[{"href":"https:\/\/pakod.hu\/index.php\/wp-json\/wp\/v2\/types\/page"}],"author":[{"embeddable":true,"href":"https:\/\/pakod.hu\/index.php\/wp-json\/wp\/v2\/users\/1"}],"replies":[{"embeddable":true,"href":"https:\/\/pakod.hu\/index.php\/wp-json\/wp\/v2\/comments?post=137"}],"version-history":[{"count":3,"href":"https:\/\/pakod.hu\/index.php\/wp-json\/wp\/v2\/pages\/137\/revisions"}],"predecessor-version":[{"id":214,"href":"https:\/\/pakod.hu\/index.php\/wp-json\/wp\/v2\/pages\/137\/revisions\/214"}],"wp:attachment":[{"href":"https:\/\/pakod.hu\/index.php\/wp-json\/wp\/v2\/media?parent=137"}],"curies":[{"name":"wp","href":"https:\/\/api.w.org\/{rel}","templated":true}]}}