{"id":331,"date":"2025-03-04T14:06:33","date_gmt":"2025-03-04T14:06:33","guid":{"rendered":"https:\/\/pakod.hu\/?page_id=331"},"modified":"2026-03-13T12:50:05","modified_gmt":"2026-03-13T12:50:05","slug":"hirdetmenyek","status":"publish","type":"page","link":"https:\/\/pakod.hu\/index.php\/hirdetmenyek\/","title":{"rendered":"H\u00cdRDETM\u00c9NYEK"},"content":{"rendered":"<p><br \/>\nez egy pr\u00f3ba<\/p>\n\n\n\n<figure class=\"wp-block-image size-large is-resized\"><img loading=\"lazy\" decoding=\"async\" width=\"1024\" height=\"784\" src=\"https:\/\/pakod.hu\/wp-content\/uploads\/2025\/09\/Versenykepes-logo-1024x784.png\" alt=\"\" class=\"wp-image-428\" style=\"width:206px;height:auto\" srcset=\"https:\/\/pakod.hu\/wp-content\/uploads\/2025\/09\/Versenykepes-logo-1024x784.png 1024w, https:\/\/pakod.hu\/wp-content\/uploads\/2025\/09\/Versenykepes-logo-300x230.png 300w, https:\/\/pakod.hu\/wp-content\/uploads\/2025\/09\/Versenykepes-logo-768x588.png 768w, https:\/\/pakod.hu\/wp-content\/uploads\/2025\/09\/Versenykepes-logo-1536x1177.png 1536w, https:\/\/pakod.hu\/wp-content\/uploads\/2025\/09\/Versenykepes-logo.png 2009w\" sizes=\"auto, (max-width: 1024px) 100vw, 1024px\" \/><\/figure>\n\n\n\n<div class=\"wp-block-file\"><a id=\"wp-block-file--media-539cc348-6518-4ef6-986f-34933c16e88d\" href=\"https:\/\/pakod.hu\/wp-content\/uploads\/2025\/09\/versenykepes-honlap1-1.docx\"><strong>Versenyk\u00e9pes J\u00e1r\u00e1sok 2025 I<\/strong>.<\/a><a href=\"https:\/\/pakod.hu\/wp-content\/uploads\/2025\/09\/versenykepes-honlap1-1.docx\" class=\"wp-block-file__button wp-element-button\" download aria-describedby=\"wp-block-file--media-539cc348-6518-4ef6-986f-34933c16e88d\">Let\u00f6lt\u00e9s<\/a><\/div>\n\n\n\n<div class=\"wp-block-file\"><a id=\"wp-block-file--media-bdfaa524-80df-429f-b2ef-cb8401f962f7\" href=\"https:\/\/pakod.hu\/wp-content\/uploads\/2025\/09\/versenykepes-honlap2.docx\"><strong>Versenyk\u00e9pes J\u00e1r\u00e1sok 2025 II.<\/strong><\/a><a href=\"https:\/\/pakod.hu\/wp-content\/uploads\/2025\/09\/versenykepes-honlap2.docx\" class=\"wp-block-file__button wp-element-button\" download aria-describedby=\"wp-block-file--media-bdfaa524-80df-429f-b2ef-cb8401f962f7\">Let\u00f6lt\u00e9s<\/a><\/div>\n\n\n\n<p><\/p>\n\n\n\n<p><\/p>\n\n\n\n<p><\/p>\n\n\n<p><!-- \/wp:post-content --><\/p>","protected":false},"excerpt":{"rendered":"","protected":false},"author":1,"featured_media":0,"parent":0,"menu_order":0,"comment_status":"closed","ping_status":"closed","template":"","meta":{"footnotes":""},"class_list":["post-331","page","type-page","status-publish","hentry"],"_links":{"self":[{"href":"https:\/\/pakod.hu\/index.php\/wp-json\/wp\/v2\/pages\/331","targetHints":{"allow":["GET"]}}],"collection":[{"href":"https:\/\/pakod.hu\/index.php\/wp-json\/wp\/v2\/pages"}],"about":[{"href":"https:\/\/pakod.hu\/index.php\/wp-json\/wp\/v2\/types\/page"}],"author":[{"embeddable":true,"href":"https:\/\/pakod.hu\/index.php\/wp-json\/wp\/v2\/users\/1"}],"replies":[{"embeddable":true,"href":"https:\/\/pakod.hu\/index.php\/wp-json\/wp\/v2\/comments?post=331"}],"version-history":[{"count":12,"href":"https:\/\/pakod.hu\/index.php\/wp-json\/wp\/v2\/pages\/331\/revisions"}],"predecessor-version":[{"id":477,"href":"https:\/\/pakod.hu\/index.php\/wp-json\/wp\/v2\/pages\/331\/revisions\/477"}],"wp:attachment":[{"href":"https:\/\/pakod.hu\/index.php\/wp-json\/wp\/v2\/media?parent=331"}],"curies":[{"name":"wp","href":"https:\/\/api.w.org\/{rel}","templated":true}]}}