{"id":71,"date":"2024-03-21T14:15:37","date_gmt":"2024-03-21T14:15:37","guid":{"rendered":"https:\/\/pakod.hu\/?page_id=71"},"modified":"2024-04-11T11:44:41","modified_gmt":"2024-04-11T11:44:41","slug":"haziorvos","status":"publish","type":"page","link":"https:\/\/pakod.hu\/index.php\/haziorvos\/","title":{"rendered":"H\u00c1ZIORVOS"},"content":{"rendered":"<p><strong>H\u00e1ziorvosi ell\u00e1t\u00e1s<br \/>\n<\/strong><strong>Pakod, Cs\u00e1ny L\u00e1szl\u00f3 utca 1.<br \/>\n<\/strong><u>Dr. Budai Zsolt<\/u><\/p>\n<p><strong>Rendel\u00e9si id\u0151:<\/strong><\/p>\n<p><strong>H\u00e9tf\u0151:<\/strong><br \/>\n08:00-11:00\u00a0\u00a0 Zalab\u00e9r<br \/>\n13:00-14:00 Pakod<br \/>\n<strong>Kedd:<\/strong><br \/>\n08:00-12:00\u00a0\u00a0 Pakod<br \/>\n<strong>Szerda:<\/strong><br \/>\n08:00-10:00\u00a0\u00a0 Zalav\u00e9g<br \/>\n10:15-12:00 Batyk<br \/>\n<strong>Cs\u00fct\u00f6rt\u00f6k:<\/strong><br \/>\n08:00-10:00\u00a0\u00a0 Zalab\u00e9r<br \/>\n13:30-15:00 Pakod<br \/>\n<strong>P\u00e9ntek:\u00a0<\/strong><br \/>\n08:00-10:00\u00a0\u00a0 Zalab\u00e9r<br \/>\n10:30-12:30 Pakod<\/p>\n<p><strong>Telefonsz\u00e1mok:<\/strong><\/p>\n<p>Dr. Budai Zsolt:\u00a0 \u00a0 \u00a006-30\/324-0109<br \/>\nVincze Erika:\u00a0 \u00a0 \u00a0 \u00a0 \u00a0 06-30\/520-6761<br \/>\nZalab\u00e9r rendel\u0151:\u00a0 \u00a006-83\/376-014<br \/>\nPakod rendel\u0151:\u00a0 \u00a0 \u00a0 06-83\/377-131<\/p>\n","protected":false},"excerpt":{"rendered":"<p>H\u00e1ziorvosi ell\u00e1t\u00e1s Pakod, Cs\u00e1ny L\u00e1szl\u00f3 utca 1. Dr. Budai Zsolt Rendel\u00e9si id\u0151: H\u00e9tf\u0151: 08:00-11:00\u00a0\u00a0 Zalab\u00e9r 13:00-14:00 Pakod Kedd: 08:00-12:00\u00a0\u00a0 Pakod Szerda: 08:00-10:00\u00a0\u00a0 Zalav\u00e9g 10:15-12:00 Batyk Cs\u00fct\u00f6rt\u00f6k: 08:00-10:00\u00a0\u00a0 Zalab\u00e9r 13:30-15:00 Pakod P\u00e9ntek:\u00a0 08:00-10:00\u00a0\u00a0 Zalab\u00e9r 10:30-12:30 Pakod Telefonsz\u00e1mok: Dr. Budai Zsolt:\u00a0 \u00a0 \u00a006-30\/324-0109 Vincze Erika:\u00a0 \u00a0 \u00a0 \u00a0 \u00a0 06-30\/520-6761 Zalab\u00e9r rendel\u0151:\u00a0 \u00a006-83\/376-014 Pakod rendel\u0151:\u00a0 \u00a0 \u00a0 [&hellip;]<\/p>\n","protected":false},"author":1,"featured_media":0,"parent":0,"menu_order":0,"comment_status":"closed","ping_status":"closed","template":"","meta":{"footnotes":""},"class_list":["post-71","page","type-page","status-publish","hentry"],"_links":{"self":[{"href":"https:\/\/pakod.hu\/index.php\/wp-json\/wp\/v2\/pages\/71","targetHints":{"allow":["GET"]}}],"collection":[{"href":"https:\/\/pakod.hu\/index.php\/wp-json\/wp\/v2\/pages"}],"about":[{"href":"https:\/\/pakod.hu\/index.php\/wp-json\/wp\/v2\/types\/page"}],"author":[{"embeddable":true,"href":"https:\/\/pakod.hu\/index.php\/wp-json\/wp\/v2\/users\/1"}],"replies":[{"embeddable":true,"href":"https:\/\/pakod.hu\/index.php\/wp-json\/wp\/v2\/comments?post=71"}],"version-history":[{"count":5,"href":"https:\/\/pakod.hu\/index.php\/wp-json\/wp\/v2\/pages\/71\/revisions"}],"predecessor-version":[{"id":180,"href":"https:\/\/pakod.hu\/index.php\/wp-json\/wp\/v2\/pages\/71\/revisions\/180"}],"wp:attachment":[{"href":"https:\/\/pakod.hu\/index.php\/wp-json\/wp\/v2\/media?parent=71"}],"curies":[{"name":"wp","href":"https:\/\/api.w.org\/{rel}","templated":true}]}}